 3 and 55609?
1
What is the highest common factor of 74055 and 15?
15
Calculate the greatest common divisor of 6400 and 299776.
256
Calculate the highest common divisor of 7848 and 124914.
654
What is the highest common factor of 55 and 80597?
11
Calculate the highest common factor of 23139 and 45.
9
What is the greatest common divisor of 108673 and 109?
109
Calculate the highest common divisor of 11788 and 32.
4
Calculate the greatest common divisor of 373972 and 4.
4
Calculate the greatest common divisor of 476 and 191114.
238
Calculate the greatest common factor of 20056 and 460.
92
Calculate the greatest common factor of 14837 and 16040.
401
Calculate the greatest common factor of 273534 and 3.
3
What is the greatest common divisor of 438487 and 1295?
259
What is the highest common divisor of 1215 and 1790235?
135
Calculate the highest common divisor of 356 and 23585.
89
What is the highest common divisor of 4095 and 3255?
105
What is the greatest common divisor of 276 and 41308?
92
Calculate the greatest common divisor of 128394 and 990.
18
Calculate the greatest common factor of 152103 and 42.
21
Calculate the highest common factor of 332 and 328846.
166
Calculate the highest common factor of 13689 and 6156.
81
Calculate the greatest common divisor of 5301 and 248.
31
Calculate the greatest common divisor of 40 and 429544.
8
What is the highest common factor of 28561 and 663?
13
Calculate the greatest common divisor of 2115 and 1692.
423
Calculate the highest common divisor of 8358 and 28.
14
What is the highest common factor of 8468 and 53436?
292
Calculate the greatest common factor of 83309 and 227.
227
Calculate the greatest common divisor of 21 and 37639.
7
What is the highest common divisor of 5917 and 13969?
61
What is the greatest common factor of 422654 and 18446?
802
Calculate the highest common divisor of 252 and 53886.
42
Calculate the greatest common divisor of 1024488 and 2916.
972
Calculate the highest common divisor of 99 and 18837.
9
Calculate the greatest common divisor of 39 and 1978197.
39
Calculate the greatest common divisor of 33929 and 2331.
259
What is the highest common factor of 15516 and 1224?
36
What is the highest common divisor of 70 and 22918?
14
What is the highest common divisor of 1764 and 7252?
196
What is the highest common divisor of 4200 and 56600?
200
Calculate the greatest common factor of 287920 and 3294.
122
Calculate the greatest common divisor of 134506 and 327.
109
What is the greatest common divisor of 1305 and 684835?
145
Calculate the greatest common divisor of 946308 and 220.
44
Calculate the greatest common divisor of 488 and 1772.
4
Calculate the highest common factor of 34397 and 8162.
583
Calculate the highest common divisor of 2264 and 221306.
566
What is the highest common divisor of 5500 and 49335?
55
What is the greatest common factor of 228 and 352146?
114
What is the greatest common factor of 187 and 484?
11
Calculate the greatest common divisor of 35494 and 7.
1
What is the highest common factor of 9 and 8271?
9
Calculate the greatest common factor of 3052 and 5516.
28
What is the highest common divisor of 1900 and 15751?
19
What is the greatest common divisor of 447 and 1146257?
149
Calculate the highest common divisor of 19136 and 34762.
26
Calculate the highest common factor of 2816 and 12496.
176
What is the highest common divisor of 52596 and 48?
12
Calculate the highest common factor of 297 and 663597.
99
What is the greatest common factor of 2300 and 16300?
100
What is the highest common factor of 516 and 196467?
129
Calculate the greatest common factor of 12 and 95592.
12
What is the highest common divisor of 6290112 and 72?
24
Calculate the highest common factor of 88 and 76472.
88
What is the greatest common factor of 1127 and 21091?
161
Calculate the highest common divisor of 35629 and 7216.
451
What is the highest common divisor of 6313 and 38527?
59
Calculate the greatest common factor of 4807 and 20102.
437
Calculate the highest common divisor of 22 and 35884.
2
Calculate the greatest common factor of 3780 and 489132.
756
Calculate the greatest common divisor of 73 and 1655567.
73
Calculate the highest common divisor of 2541 and 18249.
231
Calculate the highest common factor of 20574 and 4266.
54
Calculate the highest common factor of 8660 and 600.
20
What is the greatest common divisor of 4526 and 40672?
62
Calculate the highest common divisor of 274789 and 109.
109
Calculate the highest common factor of 2177 and 175.
7
Calculate the greatest common divisor of 1911 and 6321.
147
What is the greatest common divisor of 4460 and 1260?
20
Calculate the greatest common factor of 9409 and 6693.
97
Calculate the greatest common factor of 1892 and 7964.
44
What is the highest common factor of 287730 and 24012?
414
What is the greatest common divisor of 62 and 786?
2
Calculate the greatest common divisor of 1176616 and 21.
7
What is the greatest common divisor of 2145 and 285?
15
What is the highest common divisor of 1745796 and 19?
19
What is the highest common factor of 28213 and 2219?
317
Calculate the highest common divisor of 292 and 77599.
73
What is the greatest common divisor of 108 and 302481?
27
What is the greatest common divisor of 71290 and 310?
10
Calculate the greatest common divisor of 2634224 and 976.
976
What is the highest common divisor of 4455410 and 10?
10
Calculate the greatest common divisor of 964 and 932.
4
What is the highest common factor of 52032 and 64?
64
Calculate the greatest common factor of 810 and 852660.
270
Calculate the greatest common divisor of 558 and 1229181.
93
What is the greatest common factor of 183 and 849?
3
What is the highest common factor of 15502 and 1012?
46
What is the highest common factor of 11839 and 2?
1
What is the highest common divisor of 58 and 89987?
29
What is the highest common factor of 782 and 621?
23
What is the greatest common factor of 441660 and 850?
170
What is the highest common divisor of 622 and 84281?
311
What is the greatest common divisor of 4500 and 1940?
20
Calculate the highest common factor of 831 and 39334.
277
What is the greatest common factor of 38540 and 130?
10
Calculate the greatest common factor of 2533833 and 612.
153
What is the highest common factor of 116071 and 114?
19
Calculate the greatest common factor of 324 and 10236.
12
What is the highest common divisor of 14628 and 138?
138
Calculate the greatest common divisor of 605 and 20.
5
Calculate the greatest common factor of 2432 and 11856.
304
What is the greatest common factor of 43 and 172043?
43
Calculate the highest common divisor of 13272 and 17538.
474
What is the greatest common divisor of 33 and 908787?
33
Calculate the highest common divisor of 3887 and 2875.
23
Calculate the highest common divisor of 44 and 599093.
11
Calculate the greatest common factor of 100 and 160450.
50
What is the greatest common factor of 1674 and 563301?
837
What is the greatest common divisor of 1144444 and 392?
196
What is the highest common divisor of 505230 and 528?
66
Calculate the greatest common divisor of 47886 and 414.
138
What is the highest common factor of 14056 and 16?
8
What is the greatest common divisor of 6783 and 161721?
357
Calculate the greatest common divisor of 17220 and 240.
60
What is the highest common divisor of 3240 and 3124?
4
Calculate the greatest common factor of 17717 and 497.
7
Calculate the greatest common factor of 74572 and 2060.
412
What is the highest common factor of 30 and 3109875?
15
Calculate the greatest common divisor of 159910 and 40.
10
Calculate the greatest common factor of 17234 and 14.
14
Calculate the highest common divisor of 5040 and 696.
24
What is the greatest common divisor of 1215 and 61695?
135
What is the highest common divisor of 2002 and 234052?
182
What is the highest common divisor of 27072 and 396?
36
Calculate the greatest common factor of 59 and 1022293.
59
Calculate the highest common divisor of 30 and 1014.
6
What is the greatest common divisor of 12905 and 145?
145
Calculate the highest common factor of 411 and 2888097.
411
Calculate the highest common factor of 1288 and 1316.
28
Calculate the highest common divisor of 200359 and 9441.
1049
Calculate the highest common